+ 18 = -3*v + 24. Calculate the highest common divisor of 54 and h.
3
Let q be (-60)/(-6 + 266/56). What is the highest common divisor of q and 256?
16
Let u be (3 - 15)*(-2 + 1). Let r be 75/(-450) - 1731/(-18). What is the greatest common factor of r and u?
12
Suppose 6*z - 80 = z. Suppose 201*h - 357 = 204*h. Let c = 167 + h. What is the greatest common divisor of c and z?
16
Suppose 24*s - 6175 = -73*s + 32*s. Calculate the highest common factor of s and 1748.
19
Suppose -5*q - 5070 = -16*q - 19*q. What is the highest common factor of 117 and q?
13
Let g(o) = 9*o + 5 + 2 + 5 + 3*o**2 - o**2. Let f = -65 - -59. Let m be g(f). Calculate the highest common factor of m and 12.
6
Suppose 12*f = -973 - 3119. Let u = f + 380. Calculate the highest common divisor of u and 104.
13
Let c = -18 + 72. Let s be ((-15)/9 - -1)*(4723/(-50) + 260/(-6500)). Calculate the highest common divisor of s and c.
9
Let c(x) = -x**2 - x - 2. Let w(b) = 8*b**2 - b + 8. Let q(f) = -6*c(f) + w(f). Let n be q(-4). What is the highest common factor of n and 14?
14
Let z = -344 - -476. What is the greatest common factor of z and 231?
33
Suppose -495305*b + 23240 = -495277*b. Calculate the highest common factor of 50 and b.
10
Let f(o) = 52*o**2 - 2 - 39*o + 21*o + 17*o. Let l be f(2). Calculate the greatest common factor of l and 153.
51
Let r(n) = -n**3 - 37*n**2 + 17*n + 188. Let p be r(-44). Calculate the highest common divisor of 14 and p.
14
Let r = 4 - -10. Suppose r*y - 13*y = 115. Let p = y - 91. What is the highest common divisor of p and 16?
8
Let n be ((-6)/(-4))/((-4)/24). Let s(d) = d**3 + 11*d**2 + 15*d - 15. Let u be s(n). Let l = -33 + 141. What is the highest common divisor of u and l?
12
Let h = -44 + 93. Let j = h - 35. Let u be (11 + 9 + -41)/((-9)/6). What is the greatest common divisor of u and j?
14
Let t = 5 + 0. Let q(j) = j**2 + 218*j - 6823. Let h be q(28). Calculate the highest common factor of h and t.
5
Let x = -32910 + 32967. What is the greatest common divisor of 9253 and x?
19
Let c(j) = 2*j**3 - 37*j**2 - 61*j + 21. Let l be c(20). What is the highest common divisor of l and 748?
1
Suppose 708 = r - 2*l, 4*r + 13*l - 2922 = 11*l. What is the highest common factor of 1936 and r?
242
Suppose 5*w = -2*n + 264, -12*w = -14*w + 3*n + 117. Calculate the highest common factor of 3384 and w.
18
Suppose -61855 + 61630 = -9*k. Suppose -4 = p - 3*g, -p + 2*p - 5*g = -10. Calculate the greatest common divisor of p and k.
5
Suppose -1045 = -h - 324. What is the greatest common factor of h and 206?
103
Let w be (-10)/(-20) + -3 + 5572/8. Let u = w + -667. What is the highest common factor of u and 9?
9
Let f be (42/18 - (-407832)/36) + 10. Calculate the greatest common divisor of 33 and f.
11
Let u be 248/93*990/4. Calculate the highest common factor of 2145 and u.
165
Let j = 41 - 37. Suppose -t = 38*o - 34*o - 140, -2*t + 5*o = -358. Calculate the highest common factor of j and t.
4
Let t(g) = 4*g - 5. Let r be t(5). Suppose 0 = -6*x + 843 - r. Let p = x - 81. What is the highest common divisor of p and 627?
57
Suppose -4*f + 2840 = 5*d, -5*d + 2*d + 1704 = -3*f. Let i(m) = -39*m + 125. Let z be i(3). Calculate the greatest common factor of z and d.
8
Suppose 0 = 455*p - 494*p + 113022. What is the greatest common factor of p and 1863?
207
Suppose 5*t + 1045 - 420 = 0. Let s be (-1800)/t - (39/(-15) - -2). Calculate the highest common divisor of 6 and s.
3
Let p be (-24)/14 - (-14)/(-49). Let z be (p - -5) + 4/(28/259). Suppose -2*s + 7 + 57 = 0. Calculate the highest common factor of z and s.
8
Suppose i - 56 = -5*b, 0 = -5*i + i - 16. Suppose b*s - 14*s - 62 = 0. Let w = s - -111. Calculate the highest common factor of w and 32.
16
Let f be 9/18 + (-255)/(-2). Let i = -611 - -627. What is the greatest common factor of i and f?
16
Suppose 0 = g + 98 + 232. Let x be (1*2/(-6))/(2/g). Let a = -30 + x. What is the greatest common divisor of a and 25?
25
Let z be 42707433/18321 - 2/31. Calculate the greatest common factor of 126 and z.
63
Let t(a) = 40*a - 48. Let j be t(14). Suppose 64 = -0*r + r. Calculate the highest common divisor of r and j.
64
Suppose -190*n = -409 - 175 - 176. Let m be 8 - (1/1 - -1). Calculate the highest common factor of n and m.
2
Suppose -5*h - 1080 = -10*h. Suppose -3*r + 335 + h = 4*t, 0 = 3*r + 9. Calculate the highest common divisor of t and 20.
20
Let p(v) = -189*v**3 + v**2 - 2. Let y be p(-1). Suppose -718 = -3*n + 5*j, 33 = n + 2*j - y. What is the highest common divisor of n and 11?
11
Suppose -2*x - 2*j = -630, -2*j - 330 = x - 2*x. Suppose -1284*g + 1251*g = -1320. Calculate the greatest common divisor of g and x.
40
Let i(j) = -j**2 + 12*j + 1. Let c be i(6). Let d be (39 - -1)*((340/(-8))/(-5) - 9). Let v = d + c. What is the highest common divisor of v and 136?
17
Suppose 0 = 2*o - 416 - 268. Let x = -339 + o. What is the greatest common factor of 69 and x?
3
Suppose -143*n + 147*n - 16 = 0. Suppose -54 = -p - 3*l, 0 = 2*p + n*l - 27 - 73. Let g = 4 - -2. What is the greatest common factor of p and g?
6
Let i be 450/3 - 0*(-2)/12*-3. What is the highest common factor of 275 and i?
25
Suppose 3933 + 517 = 10*u. Let w = 461 - u. Calculate the greatest common divisor of w and 72.
8
Suppose -v - 4*f = 4 + 4, 4*f + 8 = -3*v. Suppose -5*k + 856 = j - v*j, -k - 2*j = -173. What is the greatest common divisor of 19 and k?
19
Let z(p) = 2*p**3 + 53*p**2 - 28*p - 29. Let o be z(-27). Let m be 6/(-4)*((-104)/6 + o). What is the highest common factor of 203 and m?
29
Let a = 39 + 114. Suppose -3*c + a = 3*w, 6*c = 7*c - 4*w - 46. What is the highest common divisor of c and 10?
10
Suppose -5*i + i = -3*u + 1080, -398 = -u - 5*i. Calculate the highest common factor of u and 208.
16
Let l(b) = -b**3 + 6*b**2 - 6*b + 6. Let i be l(5). Let q(m) = 5*m**2 + 108*m + 266. Let v be q(-19). What is the greatest common divisor of v and i?
1
Suppose 76*f = 70*f - 480. Let b be ((-120)/f)/((-1)/(-40)). Calculate the greatest common factor of 480 and b.
60
Let y = -28 + 43. Suppose 22*v - 27*v = -y. Suppose -2*q + 260 = -x + 3*x, 4*q = v*x - 404. Calculate the highest common factor of x and 88.
44
Suppose -q = 40 + 48. Let b be (-2)/(-11) + (-600)/q. Suppose d - b = 8. Calculate the greatest common factor of d and 10.
5
Suppose 0 = -7*t + 3*t + 36. Let j = 29 - t. Let y be (2 + 2 + -5)/((-2)/j). Calculate the greatest common divisor of y and 2.
2
Let j be ((-8)/(-6))/((-20)/192)*(-6160)/32. Calculate the highest common factor of 847 and j.
77
Suppose 8*p - 3 - 429 = 0. Suppose 100 = p*k - 44*k. Calculate the highest common divisor of k and 80.
10
Suppose -363*y + 2912 = -356*y. What is the greatest common divisor of 688 and y?
16
Let h = -2909 + 3196. What is the greatest common divisor of 21 and h?
7
Let p be ((-4)/14 + (-18290)/(-70))*341/93. What is the greatest common divisor of p and 348?
87
Let c(n) = 3*n**2 - 2*n - 6. Let v be c(6). Let z be ((-36)/30)/((-14)/(-2905)). Let p = z + 285. What is the greatest common factor of p and v?
18
Let n(r) = -96*r + 62. Let x be n(5). Let u = x - -449. What is the highest common divisor of 589 and u?
31
Let u be 3 - (19/(-38))/(2/5624). Suppose 1279 = 12*q - u. Calculate the greatest common factor of 14 and q.
14
Let j be (-1 - (-1)/((-3)/(-21))) + -6. Suppose 2*g - 2*x - 1530 = j, 0 = 2*g + 2*x + 167 - 1717. What is the highest common divisor of g and 70?
70
Let w = 27005 + -26955. Suppose -28 = -3*f + 5*l, -4*l - 21 = -f - 0*f. What is the highest common factor of f and w?
1
Let m = -15 + 36. Let u(y) = -m*y + 106 + 8*y - 86. Let i be u(-6). What is the greatest common divisor of i and 14?
14
Suppose -2*a - 11 = -19. Suppose a + 2 = -d + 5*n, -n + 43 = 2*d. Suppose 0 = -4*t + 79 - d. What is the highest common factor of 15 and t?
15
Let j = 334 + -333. Let o(f) = -f. Let s be o(1). Let k be (0 - s)/(j/275). Calculate the highest common divisor of 25 and k.
25
Let y = 2729 + -617. Calculate the greatest common divisor of 396 and y.
132
Suppose -2*y + 0*c = 3*c - 65, -5*c = 3*y - 96. Let p = 38 - y. Suppose -i + b + 31 = 0, -3 = 2*b - p. What is the greatest common divisor of i and 6?
6
Suppose 0*g = g - 24. Let j = -281 - -284. Let w(z) = 88*z - 48. Let d be w(j). What is the highest com